= -d(x) + 6*q(x). What is the units digit of r(p)?
5
Suppose 0 = 2*w - 3 + 17. Let x = w + 25. What is the tens digit of x?
1
What is the tens digit of (-16)/(-72) + (-187)/(-9)?
2
Let j(b) = -2*b**3 - 4*b**2 + 7*b + 6. Let t be j(-4). Let l be ((-6)/7)/((-6)/t). Let f = 3 + l. What is the units digit of f?
9
Let j(m) = -19*m**3 + 5*m**2 + 3*m + 2. What is the units digit of j(-2)?
8
Suppose -62*u + 58*u = -28. What is the units digit of u?
7
Suppose 0 = 5*n - 38 - 147. What is the units digit of n?
7
Let b(q) = -q**3 + 3*q**2 + q - 1. Let d be b(3). Suppose a + 2*f + d = 26, 4*a - 82 = -f. Suppose -8*j + a = -3*j. What is the units digit of j?
4
Let y = 46 + 2. Suppose 0 = -2*o - 5*f + 41, f - y = -3*o - 2*f. What is the units digit of o?
3
Suppose 2*t - 3 = 1. Suppose -j + 5*w = 18, -w = t*j + 3 - 11. Suppose 0*v - 10 = -j*v. What is the units digit of v?
5
Let d = 31 + -26. Suppose d*s - 129 = 2*s. What is the units digit of s?
3
Let s(c) be the first derivative of c**4/4 + 3*c**3 + 5*c**2/2 - 9*c + 5. What is the tens digit of s(-8)?
1
Let g(u) = -2*u + 9 + u**3 - 9*u**2 + 2*u + 2*u - 3*u. Let q be g(9). Suppose 4*f - 36 = -q*f. What is the units digit of f?
9
Let i(o) = 8*o - 15. What is the tens digit of i(6)?
3
Let l(j) = j + 1. Let k = -12 - -18. What is the units digit of l(k)?
7
Suppose 3*j - 20 = -2. What is the units digit of j?
6
Let k = 305 + -140. What is the units digit of k?
5
Let i be 63/(-4) - 3/12. Let f = -12 + 6. Let s = f - i. What is the units digit of s?
0
Let h(i) be the first derivative of 7*i**2/2 + 3*i + 1. Let d be h(3). What is the units digit of 6/d + (-47)/(-4)?
2
Suppose 0 = -3*w - 3*o + 27, -2*w - 5*o + 35 = w. Let i = w + -4. What is the units digit of i?
1
Suppose p = 2*p - 3. Suppose -i = p*i - 28. Suppose i = s - 4*f, 5*f - 2*f + 21 = 3*s. What is the units digit of s?
7
Suppose 3*z - 2*f - 65 = 0, 2*z - 5*z - 5*f = -58. What is the tens digit of z?
2
Let b(c) = 1. Let i(q) = q**2 + 2. Let m(x) = -b(x) + i(x). Let a be m(0). Let d = 7 + a. What is the units digit of d?
8
What is the tens digit of 1 - (185/(-5) - 4)?
4
Let k = -2 + 5. What is the tens digit of 0 - ((k - 3) + -37)?
3
Suppose -4*r - 4*b = 48, 0*r - 3*b - 4 = -r. Let u(o) = o**2 + 8*o + 7. What is the units digit of u(r)?
7
Let x(h) = h**3 + 4*h**2 + 7*h + 4. Let g be x(-4). Let q = 1 - g. What is the tens digit of q?
2
Let w(l) = l**2 - 8*l - 1. Suppose -5*v + v = 4*y - 24, 2*v + 3 = 3*y. Let s be 9*-2*v/(-6). What is the units digit of w(s)?
8
Suppose 4 + 13 = 3*n - 5*w, 4*w = 3*n - 13. Let y = n - -12. What is the tens digit of y?
1
Suppose -5*k - t = -6, 2*t + 6 = -2*k + k. Suppose -k*a - a = -33. What is the units digit of a?
1
Suppose -6 = -2*p, -2*p + 5 = 2*u + p. What is the tens digit of (24/(-28))/(u/28)?
1
Let v = -56 + 90. What is the tens digit of v?
3
Suppose -863 = -10*m + 287. What is the units digit of m?
5
Let o = 184 + -127. Let n = -37 + o. What is the units digit of n?
0
Suppose -a - a = 2*j + 10, -4*j - 20 = -5*a. Let r = -1 - a. Let v = r + 10. What is the units digit of v?
9
Let o = -33 - -60. What is the units digit of o?
7
Suppose 3*j = 81 + 144. What is the tens digit of j?
7
What is the units digit of (-6)/4*20/(-15)?
2
Let r(y) = -y**3 + 12*y**2 - 11*y + 3. Let v = -11 - -22. What is the units digit of r(v)?
3
Suppose -37 - 211 = -l. What is the units digit of l?
8
Suppose 248 = 2*j - 4*k, -6*k + k - 605 = -5*j. What is the hundreds digit of j?
1
Let h be ((-69)/2)/(5/(-20)). Suppose -3*y = -4*w - 0*y + h, -76 = -2*w - 2*y. What is the units digit of w?
6
Suppose 3*g - 75 = -2*g. Suppose 220 = 5*l + g. What is the tens digit of l?
4
Suppose 3*n + 2*w - 434 = 0, 3*w + 722 = 5*n + 5*w. What is the hundreds digit of n?
1
Let k = -180 + 214. What is the tens digit of k?
3
Let l(m) = -m - 4. Let n be l(-5). Let k be -2*4/((-16)/78). Suppose n = 4*u - k. What is the units digit of u?
0
Suppose -2*f + 4*b = 20, -4*f - 4*b + 26 = 6. Suppose f = h - 4*h. Suppose -10 = -a - h*a. What is the units digit of a?
0
Suppose 5 = 2*a + 4*k - 45, -3*k = -6. What is the units digit of a?
1
What is the tens digit of 5 + (-2)/(-1) - -3?
1
Suppose 7 = -r + 12. Suppose 0 = -5*g - 2*k + 87, r*k + 12 = -4*g + 85. What is the tens digit of g?
1
Let x(y) = y**3 - y**2 + 3*y - 2. Let t be x(4). Suppose -5*h + t = -0*o + 2*o, -1 = o. Suppose -h = 5*q - 8*q. What is the units digit of q?
4
Let u = -9 - -28. Let c = -7 + u. What is the tens digit of c?
1
Let i(u) = 2*u + 1. Let d be i(1). Let b(k) = d + 2*k**2 + 12*k**3 + 0*k**2 - 4. What is the units digit of b(1)?
3
Let q be (4/10)/((-2)/(-10)). Suppose 0 = -0*y + q*y - 32. Suppose -2*k + 11 = r, 5*r - 5*k = 39 + y. What is the tens digit of r?
1
Suppose -2 = 5*x - 7, 2*x = -2*v - 18. Let d be 40/(-18) + v/(-45). What is the units digit of -1*(-1)/d*-18?
9
Suppose 9 = 3*j - 0. Let a(z) = -2 - j*z - 8 + 1. What is the units digit of a(-6)?
9
Let r = -6 + 10. Suppose 7 + 64 = 5*b - 3*c, -5*c = -r*b + 62. Let f = b - 6. What is the units digit of f?
7
Let s be (-1)/(1/(-19)*1). Let m be 10 + 3 + (-4 - -3). Let i = s - m. What is the units digit of i?
7
Let l be (-3)/9 - 10/(-3). Let j = l - -3. What is the units digit of j?
6
Suppose -5*r + 9*r - 96 = 0. Suppose 4 - r = -5*v. Suppose -2 = -m + v. What is the units digit of m?
6
What is the tens digit of 24 + 5 + 0 + -3?
2
Let r = -11 + 12. What is the tens digit of (-2)/(-3)*15*r?
1
Let o(d) = d**2 - 3*d - 5. Let l be o(4). Let u be l*63/(6/(-2)). Suppose -n - 5*j = u - 5, 5*n - 16 = -j. What is the units digit of n?
4
Let p(k) = -k**2 - 4*k - 1. Let g be p(-3). Let x be 2 - (4 - (-3)/(-1)). Suppose -s + g = x. What is the units digit of s?
1
Suppose w - 3*m = -3, 0*m + 2*m = 2. Let r = w + -2. What is the units digit of (-5)/r*4 - 2?
8
What is the units digit of (-9)/15 + (-91)/(-35)?
2
Let y = -20 - -66. What is the units digit of y?
6
Suppose -i - 2 = -a - a, 5*a = 3*i + 7. What is the units digit of -37*(i - -3)*1?
7
Let f(w) = w - 2. Let u = 25 + -15. What is the units digit of f(u)?
8
Suppose u = 3*p - 2*u - 48, 0 = -5*p - 4*u + 53. Suppose -2*j + 2 = 0, -2*q + 4*q - p = -3*j. What is the units digit of q?
5
Suppose -d + 3 = -0*d. Suppose -d*k + 3*y + 55 = k, -y + 15 = 2*k. What is the units digit of k?
0
What is the tens digit of -73*((-6)/(-21) - (-27)/(-21))?
7
Let v(k) = k - 10. Let j be v(9). Let c = 10 - j. Let m = 27 - c. What is the tens digit of m?
1
Suppose -2*p + 113 = -57. What is the tens digit of p?
8
Suppose 2*b - 10 = -4*n, 3*n - 5 = -0*b + b. What is the units digit of b?
1
Suppose -q + 20 = -6. What is the tens digit of q?
2
Let a be (-3 - -2) + (0 - -2). Let n be (-1 - 0)*(-4 + a). Suppose l - m = m - 2, -n*l - m + 22 = 0. What is the units digit of l?
6
Let p(d) be the third derivative of d**5/5 - d**4/24 + d**3/6 + d**2. Let i(b) = b**3 + 11*b**2 + b + 12. Let t be i(-11). What is the units digit of p(t)?
2
Let t = -10 + 13. What is the units digit of t?
3
Let q(w) = -6*w**3 + 14*w**3 + 3*w**3. What is the units digit of q(1)?
1
Let l = -28 + 44. What is the tens digit of l?
1
Let o = 4 - -1. Suppose -12 = -o*l + l. Suppose -l + 1 = -k. What is the units digit of k?
2
Let n(w) = -5*w**3 - 2*w**2 + w - 2. What is the tens digit of n(-3)?
1
Let z = 199 - -112. What is the hundreds digit of z?
3
Let i = 14 + -17. Let y = 32 - i. What is the tens digit of y?
3
Let a be -15 + -1*4 + 2. Suppose -3*w - 1 - 2 = 0, 0 = -5*s + w - 54. Let z = s - a. What is the units digit of z?
6
Let p(i) = i + 7. Let k be p(-5). Let y = 5 + k. What is the units digit of y?
7
Let i(h) = 6*h**2 + h + 1. Suppose -5*c + 5*s = 25, -5*c + 4*s - 14 = 7. What is the units digit of i(c)?
6
Suppose -40 = 4*f - 128. Let q = f - 17. What is the units digit of q?
5
Suppose 10*l = 11*l. Suppose l = -2*u - v + 91, 2*v - 5 = -3*v. What is the tens digit of u?
4
Let i(v) = v**2 - 3*v - 5. Let f be i(5). Suppose -153 = -f*t - 28. What is the tens digit of t?
2
Let h = -12 - -42. What is the tens digit of h?
3
Let h = 20 - 18. Suppose -3*l = 15, 5*d - 231 = h*l - 41. What is the units digit of d?
6
Suppose -j - 4*t + 175 = -0*t, -4*j = -3*t - 605. What is the units digit of j?
5
Let x = 198 + 62. What is the tens digit of x?
6
Suppose -4*s + c = s - 35, -3*s